is 61445 + 0?
61445
In base 6, what is 23215454 - -4?
23215502
In base 5, what is -3224111 + -114?
-3224230
In base 15, what is -16ba - -59?
-1661
In base 9, what is -162 - -747?
575
In base 14, what is -18732 - 1?
-18733
In base 2, what is 111011011 + -1110100000?
-111000101
In base 9, what is -20 + -36844?
-36864
In base 14, what is -14611 + -9?
-1461a
In base 4, what is -21201 + -212221?
-300022
In base 11, what is 144 - 101?
43
In base 8, what is -1 - -4114060?
4114057
In base 13, what is 13639 - -5?
13641
In base 2, what is 1110001011010110000 - -101?
1110001011010110101
In base 2, what is 100001100111011110111 + 11?
100001100111011111010
In base 3, what is -1100 + 201220?
200120
In base 11, what is 0 + -4913?
-4913
In base 12, what is -3 + -4902?
-4905
In base 12, what is -13854 + a?
-13846
In base 15, what is 3 - 18ca?
-18c7
In base 6, what is 413352 - -10?
413402
In base 3, what is -202210020 - 12?
-202210102
In base 12, what is 5 + 1a2671?
1a2676
In base 15, what is e - 1499?
-148a
In base 9, what is 142 + 11646?
11788
In base 4, what is -2 - -311100?
311032
In base 6, what is -43440120 + 5?
-43440111
In base 15, what is 578 + -12?
566
In base 7, what is 44514 + -3?
44511
In base 2, what is 0 - -1110011010111101?
1110011010111101
In base 11, what is -634458 + 3?
-634455
In base 10, what is 2380 - 54?
2326
In base 10, what is -380595 - -2?
-380593
In base 10, what is 35911 + -3?
35908
In base 14, what is -395 + 13?
-382
In base 11, what is 1 - -84791?
84792
In base 6, what is -24 + 1525033?
1525005
In base 2, what is -10000100010011111110 - 11?
-10000100010100000001
In base 3, what is 1000 + -120101211?
-120100211
In base 2, what is -11010 + -10000001?
-10011011
In base 9, what is 14834 - -5?
14840
In base 10, what is -6421 + 5?
-6416
In base 13, what is 161 - 1b43?
-19b2
In base 2, what is -1 + -1100000110?
-1100000111
In base 9, what is 3313 + -21?
3282
In base 2, what is 11 + 101101010001?
101101010100
In base 12, what is 806 + -5?
801
In base 3, what is 2 + -221221?
-221212
In base 8, what is -272040 - 3?
-272043
In base 14, what is -c - -229b7?
229a9
In base 6, what is 1555 - -1114?
3113
In base 14, what is 14b + -97?
94
In base 5, what is -10 + -1112013?
-1112023
In base 8, what is 667771 + 3?
667774
In base 15, what is -e + 195?
186
In base 10, what is -175433 + -1?
-175434
In base 3, what is 2100220200 - -110?
2100221010
In base 6, what is 451002 + 122?
451124
In base 8, what is -602 + 336?
-244
In base 6, what is -134 - -423253?
423115
In base 7, what is 625 + 10655?
11613
In base 11, what is -a + -20165?
-20174
In base 16, what is 1 - 9c937?
-9c936
In base 7, what is -2004 - -1542?
-132
In base 6, what is 13343514 - 2?
13343512
In base 14, what is 69 + 34b?
3b6
In base 6, what is 1235103 + -12?
1235051
In base 9, what is -40 - 408?
-448
In base 4, what is 200230212 + -10?
200230202
In base 4, what is 223 - 33033?
-32210
In base 2, what is -1000000111101 + -11100100?
-1000100100001
In base 13, what is 8729 - 36?
86c3
In base 6, what is -4 + -2332434?
-2332442
In base 8, what is 1143 + -155?
766
In base 7, what is -10 + -121144?
-121154
In base 3, what is -21 + 1222112101?
1222112010
In base 7, what is -3 - 6102?
-6105
In base 5, what is -14122 - -2141?
-11431
In base 3, what is -12201 + -12?
-12220
In base 14, what is -6 + 51c?
516
In base 2, what is -11000000010101010 - -11?
-11000000010100111
In base 8, what is 1 + -11315?
-11314
In base 16, what is 16ea - 4e?
169c
In base 10, what is 1 - 636395?
-636394
In base 3, what is 0 - -1000001010212?
1000001010212
In base 3, what is -22020220 - -1000?
-22012220
In base 6, what is 5 - 2134145?
-2134140
In base 12, what is 45081 - -28?
450a9
In base 2, what is 1000 + 10010111001000?
10010111010000
In base 8, what is 5 - -706177?
706204
In base 14, what is 14b + 298?
405
In base 5, what is 2 + -12343423?
-12343421
In base 8, what is -6 - -204?
176
In base 13, what is -1212 + b4?
-112b
In base 9, what is -2 + -12260?
-12262
In base 5, what is -131 + -4343?
-10024
In base 10, what is 3 - -28575?
28578
In base 2, what is -1101 + -1101101000100?
-1101101010001
In base 10, what is -4 - 9646?
-9650
In base 10, what is -34923 - 46?
-34969
In base 15, what is 2 - 534?
-532
In base 5, what is 132 - -10040?
10222
In base 15, what is -d3 - -201?
11d
In base 9, what is -25 - -1602?
1566
In base 10, what is 4 + -12658?
-12654
In base 5, what is -31 + 303120?
303034
In base 14, what is -1246bc + -5?
-1246c3
In base 6, what is -5514504 + 1?
-5514503
In base 12, what is -176187 + 3?
-176184
In base 14, what is -9d37 - -cd?
-9c48
In base 12, what is 27a - 1658?
-139a
In base 14, what is -233 - -479?
246
In base 11, what is 22606 - -30?
22636
In base 16, what is 175 + 20?
195
In base 10, what is -219827 + 5?
-219822
In base 5, what is 131 - -2344?
3030
In base 11, what is 138931 - -5?
138936
In base 6, what is -15055 + 103?
-14552
In base 6, what is -34135534 - 4?
-34135542
In base 14, what is -14 - 67d3?
-6807
In base 16, what is -10c7e6 + -3?
-10c7e9
In base 10, what is -15 + -4100?
-4115
In base 6, what is -23322 + 141?
-23141
In base 11, what is 24276 + -4?
24272
In base 8, what is -51707 - -34?
-51653
In base 11, what is 2 - 339136?
-339134
In base 15, what is 1e - -1c99?
1cb8
In base 16, what is -346 + bc?
-28a
In base 6, what is 4125 + -10205?
-2040
In base 11, what is 2735 + 34?
2769
In base 8, what is 56524 + -151?
56353
In base 5, what is 114241 + 142?
114433
In base 4, what is 10 + -1332333?
-1332323
In base 7, what is 3 + 46224?
46230
In base 7, what is -3042 + -203?
-3245
In base 4, what is -20 + -1100312021?
-1100312101
In base 8, what is -1 - -17577?
17576
In base 3, what is 11111222 + -101002?
11010220
In base 8, what is 200475 - -47?
200544
In base 14, what is 13 - 180b0?
-1809b
In base 10, what is -78 + 860?
782
In base 2, what is 11 - -1110010011110010?
1110010011110101
In base 15, what is 0 + -50a8a?
-50a8a
In base 3, what is 21202121 + -110?
21202011
In base 15, what is -319ba - -1?
-319b9
In base 10, what is -21321 + 22?
-21299
In base 9, what is 252 - 12?
240
In base 5, what is 432111440 + -2?
432111433
In base 11, what is 7 - 66099?
-66092
In base 10, what is 189 - 478?
-289
In base 14, what is -1a951 - -1?
-1a950
In base 2, what is -1011111111100011 - 100?
-1011111111100111
In base 6, what is -2031 - 1253?
-3324
In base 12, what is -68 + 77a1?
7735
In base 6, what is 0 + 522221?
522221
In base 8, what is -1647131 - 2?
-1647133
In base 7, what is -655 - -1343?
355
In base 3, what is -1012000 + 100201?
-211022
In base 6, what is 243 + 0?
243
In base 5, what is 10233 + -2230?
3003
In base 11, what is 8843 + -4?
883a
In base 2, what is 1100010 - -11000011100110?
11000101001000
In base 4, what is 23 - -110001?
110030
In base 11, what is 17 - -2621?
2638
In base 13, what is 2 - -aa54?
aa56
In base 15, what is 5 + -1364b8?
-1364b3
In base 4, what is 10 - -2131332332?
2131333002
In base 5, what is -12 + -200341?
-200403
In base 2, what is 100011101011 - 11?
100011101000
In base 13, what is -6494b6 + -1?
-6494b7
In base 7, what is -213150 + -6?
-213156
In base 11, what is 117 - 1311?
-11a5
In base 3, what is 121 - 10202211?
-10202020
In base 12, what is 39b280 - 1?
39b27b
In base 8, what is -4762 - -17?
-4743
In base 7, what is 512 - 1534?
-1022
In base 5, what is -1414 - 234?
-2203
In base 12, what is -4911b - 0?
-4911b
In base 13, what is -8741 - 0?
-8741
In base 7, what is -3446064 + 3?
-3446061
In base 11, what is 0 - 15830?
-15830
In base 2, what is -11001001 + -1010001000?
-1101010001
In base 7, what is -10163124 + -4?
-10163131
In base 6, what is -20200 + -101?
-20301
In base 2, what is 11 + 1111100110?
1111101001
In base 15, what is -e76 + d?
-e68
In base 11, what is 1 - -7267?
7268
In base 16, what is -23310 + -1?
-23311
In base 3, what is 1012200212 - 1102?
1012122110
In base 14, what is -31 - -713b?
710a
In base 13, what is cc37 + 5?
cc3c
In base 8, what is 5611 - -3?
5614
In base 10, what is -218 - -343?
125
In base 2, what is 101 + 101000000001101?
101000000010010
In base 8, what is -1 - -273644?
273643
In base 16, what is -408 + 20?
-3e8
In base 10, what is 1 + 168279?
168280
In base 5, what is -33344 + -1?
-33400
In base 7, what is 364166 + 3?
364202
In base 16, what 